
Convert 12 (base 14) to base 11.
15
14b (base 14) to base 7
524
423 (base 6) to base 14
b5
What is -14c (base 15) in base 11?
-250
10010010 (base 2) to base 12
102
-3 (base 6) to base 12
-3
4 (base 13) to base 15
4
71 (base 8) to base 14
41
-1012 (base 4) to base 8
-106
Convert 46 (base 9) to base 2.
101010
-2 (base 10) to base 5
-2
Convert -157 (base 12) to base 13.
-133
What is -3 (base 6) in base 5?
-3
Convert -73 (base 11) to base 8.
-120
What is 42 (base 16) in base 8?
102
Convert -2 (base 7) to base 6.
-2
c (base 16) to base 10
12
What is -e (base 15) in base 2?
-1110
What is 6b (base 16) in base 7?
212
Convert -20 (base 8) to base 6.
-24
-1011011 (base 2) to base 11
-83
Convert 213 (base 7) to base 11.
99
4a (base 14) to base 15
46
41 (base 8) to base 5
113
What is 36 (base 15) in base 6?
123
What is -45 (base 11) in base 9?
-54
Convert 9 (base 14) to base 6.
13
-86 (base 9) to base 15
-53
-25 (base 10) to base 5
-100
What is 2 (base 14) in base 15?
2
What is -5 (base 7) in base 2?
-101
65 (base 7) to base 14
35
20 (base 3) to base 13
6
What is -4 (base 9) in base 12?
-4
What is 110 (base 2) in base 16?
6
10120 (base 3) to base 16
60
What is 5 (base 6) in base 7?
5
-101 (base 2) to base 6
-5
What is -2 (base 16) in base 9?
-2
What is 1 (base 10) in base 4?
1
What is 1102 (base 3) in base 2?
100110
Convert 10101011 (base 2) to base 11.
146
What is 15 (base 12) in base 13?
14
1 (base 7) to base 14
1
Convert 11 (base 11) to base 14.
c
What is 177 (base 9) in base 13?
b8
Convert 75 (base 11) to base 10.
82
Convert 1201 (base 6) to base 8.
441
What is -9 (base 13) in base 12?
-9
Convert 1e (base 15) to base 16.
1d
-231 (base 6) to base 7
-160
-100011 (base 2) to base 6
-55
Convert 2 (base 9) to base 12.
2
What is 220 (base 4) in base 8?
50
-7 (base 14) to base 11
-7
Convert -7 (base 13) to base 2.
-111
What is -36 (base 10) in base 6?
-100
What is -20 (base 14) in base 8?
-34
3 (base 13) to base 7
3
Convert 1111 (base 2) to base 13.
12
3 (base 12) to base 8
3
30 (base 5) to base 13
12
What is 22 (base 12) in base 8?
32
What is 7 (base 11) in base 15?
7
What is 15 (base 13) in base 3?
200
Convert -15d (base 15) to base 11.
-265
Convert 3 (base 6) to base 4.
3
4 (base 15) to base 9
4
8 (base 14) to base 6
12
Convert 3 (base 6) to base 9.
3
4 (base 6) to base 7
4
Convert 5 (base 16) to base 14.
5
Convert -198 (base 10) to base 13.
-123
Convert -362 (base 9) to base 11.
-252
Convert -4 (base 8) to base 11.
-4
Convert -3 (base 11) to base 7.
-3
-11 (base 11) to base 9
-13
23 (base 8) to base 15
14
What is 0 (base 16) in base 12?
0
-10 (base 12) to base 15
-c
What is 1010 (base 2) in base 12?
a
-134 (base 5) to base 16
-2c
Convert 0 (base 2) to base 14.
0
-2 (base 6) to base 3
-2
What is 0 (base 14) in base 8?
0
1 (base 9) to base 10
1
What is 351 (base 7) in base 10?
183
2 (base 14) to base 3
2
142 (base 11) to base 7
326
4 (base 5) to base 8
4
Convert 70 (base 9) to base 14.
47
-40 (base 9) to base 16
-24
2 (base 8) to base 6
2
Convert -13 (base 5) to base 13.
-8
What is 122 (base 8) in base 6?
214
4 (base 13) to base 15
4
-15 (base 15) to base 16
-14
Convert -33 (base 5) to base 11.
-17
Convert -3 (base 14) to base 8.
-3
What is 25 (base 16) in base 5?
122
6 (base 12) to base 2
110
c1 (base 13) to base 12
111
Convert -2 (base 3) to base 13.
-2
3 (base 5) to base 8
3
What is -100 (base 7) in base 9?
-54
-18 (base 11) to base 2
-10011
Convert -111 (base 4) to base 12.
-19
What is -5 (base 7) in base 8?
-5
What is -89 (base 15) in base 16?
-81
-106 (base 12) to base 10
-150
3 (base 15) to base 12
3
What is -150 (base 7) in base 5?
-314
What is -33 (base 7) in base 8?
-30
-31 (base 4) to base 8
-15
Convert 99 (base 12) to base 6.
313
0 (base 6) to base 16
0
Convert 3 (base 14) to base 4.
3
What is -1 (base 9) in base 10?
-1
What is -6a (base 15) in base 12?
-84
What is 111110 (base 2) in base 16?
3e
Convert 2 (base 9) to base 15.
2
Convert -101 (base 2) to base 3.
-12
41 (base 7) to base 12
25
1c (base 13) to base 7
34
-1000 (base 2) to base 5
-13
111 (base 6) to base 3
1121
Convert 11 (base 3) to base 16.
4
Convert 10 (base 7) to base 2.
111
What is -c (base 14) in base 4?
-30
-3 (base 13) to base 7
-3
What is b (base 16) in base 15?
b
Convert -214 (base 5) to base 6.
-135
3 (base 15) to base 2
11
Convert -51 (base 7) to base 13.
-2a
Convert -26 (base 7) to base 15.
-15
What is -19 (base 14) in base 16?
-17
Convert -3 (base 15) to base 12.
-3
Convert 11010 (base 2) to base 16.
1a
What is -148 (base 10) in base 8?
-224
-10 (base 5) to base 3
-12
Convert 1 (base 6) to base 5.
1
67 (base 15) to base 16
61
Convert -1202 (base 3) to base 4.
-233
Convert 8 (base 14) to base 16.
8
-222 (base 4) to base 11
-39
What is 51 (base 15) in base 2?
1001100
What is 1 (base 14) in base 11?
1
6 (base 13) to base 9
6
Convert 2 (base 8) to base 13.
2
33 (base 6) to base 8
25
What is -b (base 15) in base 12?
-b
Convert -10 (base 4) to base 15.
-4
11 (base 15) to base 11
15
3300 (base 4) to base 13
156
-b0 (base 14) to base 6
-414
What is -13 (base 5) in base 6?
-12
Convert -2 (base 4) to base 7.
-2
Convert -4 (base 8) to base 5.
-4
What is -45 (base 8) in base 14?
-29
Convert 15 (base 11) to base 2.
10000
-36 (base 11) to base 7
-54
Convert 0 (base 8) to base 3.
0
What is 38 (base 12) in base 5?
134
Convert 11 (base 11) to base 8.
14
0 (base 7) to base 16
0
What is -1 (base 15) in base 11?
-1
Convert 0 (base 12) to base 7.
0
Convert 62 (base 14) to base 16.
56
-7 (base 8) to base 11
-7
Convert -100 (base 8) to base 4.
-1000
-59 (base 10) to base 14
-43
Convert -3 (base 11) to base 6.
-3
8 (base 9) to base 6
12
What is -34 (base 13) in base 5?
-133
-13 (base 10) to base 14
-d
Convert 27 (base 11) to base 7.
41
What is 1 (base 3) in base 7?
1
What is 10 (base 2) in base 16?
2
-175 (base 11) to base 14
-107
What is 1010111 (base 2) in base 3?
10020
What is 1 (base 12) in base 16?
1
-3 (base 13) to base 16
-3
-c7 (base 16) to base 13
-124
Convert -51 (base 13) to base 8.
-102
Convert -10 (base 4) to base 2.
-100
-341 (base 6) to base 15
-8d
Convert 243 (base 6) to base 14.
71
3 (base 13) to base 7
3
Convert -131 (base 6) to base 11.
-50
What is -a4 (base 14) in base 11?
-121
Convert -5 (base 6) to base 12.
-5
What is 18 (base 10) in base 6?
30
What is 45 (base 6) in base 3?
1002
What is -24 (base 14) in base 4?
-200
What is 11 (base 9) in base 2?
1010
Convert 64 (base 9) to base 4.
322
-2 (base 9) to base 3
-2
What is 0 (base 16) in base 8?
0
Convert 1 (base 9) to base 12.
1
6 (base 10) to base 4
12
Convert 20 (base 11) to base 8.
26
Convert 13 (base 6) to base 11.
9
What is -13 (base 9) in base 11?
-11
Convert -225 (base 7) to base 4.
-1311
Convert a (base 11) to base 13.
a
Convert 11 (base 2) to base 4.
3
3 (base 8) to base 6
3
Convert 10 (base 2) to base 4.
2
Convert 1 (base 11) to base 6.
1
10 (base 5) to base 13
5
What is 2 (base 3) in base 10?
2
What is -11001100 (base 2) in base 14?
-108
What is -3 (base 6) in base 7?
-3
What is 16 (base 8) in base 4?
32
Convert 3 (base 16) to base 11.
3
What is 144 (base 12) in base 9?
237
13 (base 7) to base 15
a
What is 28 (base 14) in base 11?
33
-60 (base 9) to base 3
-2000
-60 (base 12) to base 16
-48
1010 (base 4) to base 11
62
Convert -14 (base 10) to base 13.
-11
-109 (base 10) to base 5
-414
Convert 17 (base 8) to base 11.
14
What is 11211 (base 3) in base 8?
202
What is 1 (base 4) in base 10?
1
Convert 2 (base 10) to base 15.
2
What is 334 (base 10) in base 14?
19c
-3 (base 8) to base 2
-11
Convert 11000 (base 4) to base 6.
1252
Convert -22 (base 5) to base 14.
-c
-12 (base 9) to base 2
-1011
Convert -2 (base 10) to base 5.
-2
What is -10 (base 2) in base 14?
-2
-11 (base 4) to base 5
-10
Convert 0 (base 13) to base 14.
0
Convert -1 (base 9) to base 4.
-1
What is -2 (base 12) in base 9?
-2
-6 (base 9) to base 12
-6
-313 (base 5) to base 12
-6b
What is -1 (base 16) in base 14?
-1
Convert -66 (base 7) to base 15.
-33
4 (base 15) to base 4
10
2b (base 15) to base 13
32
-1 (base 9) to base 16
-1
Convert -24 (base 6) to base 11.
-15
What is -6 (base 8) in base 5?
-11
What is 4 (base 13) in base 12?
4
-5 (base 6) to base 11
-5
-1 (base 8) to base 13
-1
81 (base 14) to base 15
78
Convert 67 (base 8) to base 14.
3d
-1 (bas